{"id":18599,"date":"2023-12-04T22:02:05","date_gmt":"2023-12-05T03:02:05","guid":{"rendered":"https:\/\/pirkasshop.com.pe\/?post_type=product&#038;p=18599"},"modified":"2023-12-04T22:03:24","modified_gmt":"2023-12-05T03:03:24","slug":"nefrita-3","status":"publish","type":"product","link":"https:\/\/pirkasshop.com\/?product=nefrita-3","title":{"rendered":"NEFRITA"},"content":{"rendered":"<p><strong>Propiedades:<\/strong><\/p>\n<p>Promueve la persistencia , la confianza , la intuici\u00f3n, la curaci\u00f3n emocional y es protector de las emociones t\u00f3xicas.<\/p>\n<p><strong>Medidas:<\/strong><\/p>\n<p>Referencial: 2- 3 cm<\/p>\n","protected":false},"excerpt":{"rendered":"<p>Propiedades: Promueve la persistencia , la confianza , la intuici\u00f3n, la curaci\u00f3n emocional y es protector de las emociones t\u00f3xicas.<\/p>\n","protected":false},"featured_media":18601,"comment_status":"open","ping_status":"closed","template":"","meta":[],"product_cat":[219,226],"product_tag":[],"class_list":{"0":"post-18599","1":"product","2":"type-product","3":"status-publish","4":"has-post-thumbnail","6":"product_cat-tallados","7":"product_cat-tamboreado","9":"first","10":"instock","11":"shipping-taxable","12":"purchasable","13":"product-type-simple"},"_links":{"self":[{"href":"https:\/\/pirkasshop.com\/index.php?rest_route=\/wp\/v2\/product\/18599","targetHints":{"allow":["GET"]}}],"collection":[{"href":"https:\/\/pirkasshop.com\/index.php?rest_route=\/wp\/v2\/product"}],"about":[{"href":"https:\/\/pirkasshop.com\/index.php?rest_route=\/wp\/v2\/types\/product"}],"replies":[{"embeddable":true,"href":"https:\/\/pirkasshop.com\/index.php?rest_route=%2Fwp%2Fv2%2Fcomments&post=18599"}],"version-history":[{"count":1,"href":"https:\/\/pirkasshop.com\/index.php?rest_route=\/wp\/v2\/product\/18599\/revisions"}],"predecessor-version":[{"id":18602,"href":"https:\/\/pirkasshop.com\/index.php?rest_route=\/wp\/v2\/product\/18599\/revisions\/18602"}],"wp:featuredmedia":[{"embeddable":true,"href":"https:\/\/pirkasshop.com\/index.php?rest_route=\/wp\/v2\/media\/18601"}],"wp:attachment":[{"href":"https:\/\/pirkasshop.com\/index.php?rest_route=%2Fwp%2Fv2%2Fmedia&parent=18599"}],"wp:term":[{"taxonomy":"product_cat","embeddable":true,"href":"https:\/\/pirkasshop.com\/index.php?rest_route=%2Fwp%2Fv2%2Fproduct_cat&post=18599"},{"taxonomy":"product_tag","embeddable":true,"href":"https:\/\/pirkasshop.com\/index.php?rest_route=%2Fwp%2Fv2%2Fproduct_tag&post=18599"}],"curies":[{"name":"wp","href":"https:\/\/api.w.org\/{rel}","templated":true}]}}